{"id":14079,"date":"2025-06-30T22:09:05","date_gmt":"2025-06-30T22:09:05","guid":{"rendered":"https:\/\/coronadelinca.com.ar\/?post_type=product&#038;p=14079"},"modified":"2026-01-07T14:35:55","modified_gmt":"2026-01-07T14:35:55","slug":"del-velasco-a-los-andes-2","status":"publish","type":"product","link":"https:\/\/coronadelinca.com.ar\/en\/product\/del-velasco-a-los-andes-2\/","title":{"rendered":"202 \u2013 From the Velasco to the Andes"},"content":{"rendered":"","protected":false},"excerpt":{"rendered":"<p>El mas completo Paquete que programa Corona del Inca Expediciones, para conocer gran parte de la Provincia de La Rioja en 7 d\u00edas, comenzando desde la Capital a las monta\u00f1as del Velasco, continuando por el Valle del Bermejo donde visitamos los Parques Talampaya y Valle de la Luna, los curiosos ca\u00f1adones colorados en los alrededores de Villa Uni\u00f3n, ascendiendo a la Cordillera de los Andes hasta las altiplanicies de la Laguna Brava, atravesando portezuelos y monta\u00f1as multicolores, atravesando las alturas del imponente Famatina por su pintoresca Cuesta de Miranda al Valle de Antinaco, visitando Chilecito y alrededores, para finalmente retornar a la Capital por las Serran\u00edas bajas de Los Colorados.<\/p>\n<p><span style=\"color: #0000ff;\"><a style=\"color: #0000ff;\" href=\"https:\/\/coronadelinca.com.ar\/en\/product\/del-velasco-a-los-andes\/\" target=\"_blank\" rel=\"noopener\">VER OTRAS OPCIONES DE PRECIO EN SALIDA MENSUAL<\/a><\/span><\/p>","protected":false},"featured_media":14003,"comment_status":"open","ping_status":"closed","template":"","meta":{"_acf_changed":false,"_joinchat":[]},"product_brand":[],"product_cat":[15],"product_tag":[],"class_list":{"0":"post-14079","1":"product","2":"type-product","3":"status-publish","4":"has-post-thumbnail","6":"product_cat-paquetes","8":"first","9":"instock","10":"virtual","11":"sold-individually","12":"purchasable","13":"product-type-booking"},"acf":[],"_links":{"self":[{"href":"https:\/\/coronadelinca.com.ar\/en\/wp-json\/wp\/v2\/product\/14079","targetHints":{"allow":["GET"]}}],"collection":[{"href":"https:\/\/coronadelinca.com.ar\/en\/wp-json\/wp\/v2\/product"}],"about":[{"href":"https:\/\/coronadelinca.com.ar\/en\/wp-json\/wp\/v2\/types\/product"}],"replies":[{"embeddable":true,"href":"https:\/\/coronadelinca.com.ar\/en\/wp-json\/wp\/v2\/comments?post=14079"}],"wp:featuredmedia":[{"embeddable":true,"href":"https:\/\/coronadelinca.com.ar\/en\/wp-json\/wp\/v2\/media\/14003"}],"wp:attachment":[{"href":"https:\/\/coronadelinca.com.ar\/en\/wp-json\/wp\/v2\/media?parent=14079"}],"wp:term":[{"taxonomy":"product_brand","embeddable":true,"href":"https:\/\/coronadelinca.com.ar\/en\/wp-json\/wp\/v2\/product_brand?post=14079"},{"taxonomy":"product_cat","embeddable":true,"href":"https:\/\/coronadelinca.com.ar\/en\/wp-json\/wp\/v2\/product_cat?post=14079"},{"taxonomy":"product_tag","embeddable":true,"href":"https:\/\/coronadelinca.com.ar\/en\/wp-json\/wp\/v2\/product_tag?post=14079"}],"curies":[{"name":"wp","href":"https:\/\/api.w.org\/{rel}","templated":true}]}}

<p>El mas completo Paquete que programa Corona del Inca Expediciones, para conocer gran parte de la Provincia de La Rioja en 7 días, comenzando desde la Capital a las montañas del Velasco, continuando por el Valle del Bermejo donde visitamos los Parques Talampaya y Valle de la Luna, los curiosos cañadones colorados en los alrededores de Villa Unión, ascendiendo a la Cordillera de los Andes hasta las altiplanicies de la Laguna Brava, atravesando portezuelos y montañas multicolores, atravesando las alturas del imponente Famatina por su pintoresca Cuesta de Miranda al Valle de Antinaco, visitando Chilecito y alrededores, para finalmente retornar a la Capital por las Serranías bajas de Los Colorados.</p>
<p><span style="color: #0000ff;"><a style="color: #0000ff;" href="https://coronadelinca.com.ar/en/product/del-velasco-a-los-andes/" target="_blank" rel="noopener">VER OTRAS OPCIONES DE PRECIO EN SALIDA MENSUAL</a></span></p>
