{"id":14182,"date":"2025-07-10T22:05:22","date_gmt":"2025-07-10T22:05:22","guid":{"rendered":"https:\/\/coronadelinca.com.ar\/?post_type=product&#038;p=14182"},"modified":"2026-02-23T15:53:52","modified_gmt":"2026-02-23T15:53:52","slug":"rn40-camino-del-inca-de-la-rioja-a-salta","status":"publish","type":"product","link":"https:\/\/coronadelinca.com.ar\/en\/product\/rn40-camino-del-inca-de-la-rioja-a-salta\/","title":{"rendered":"410 \u2013 RN40 \u2013 Inca's Path from La Rioja to Salta"},"content":{"rendered":"","protected":false},"excerpt":{"rendered":"<p><strong>FECHAS DE SALIDA 2026: <\/strong>29 de enero &#8211; 26 de febrero \u2013 26 de marzo \u2013 23 de abril \u2013 21 de mayo \u2013 18 de junio \u2013 13 de agosto \u2013 10 de septiembre \u2013 8 de octubre \u2013 5 de noviembre \u2013 3 de diciembre.<\/p>\n<hr \/>\n<table width=\"800\">\n<tbody>\n<tr>\n<td width=\"299\"><strong>TARIFAS por persona, con Hoteles en: La Rioja \/ Belen \/ Cafayate<\/strong><\/td>\n<td width=\"80\"><strong>DBL \/ TPL<\/strong><\/td>\n<td width=\"80\"><strong>SGL<\/strong><\/td>\n<\/tr>\n<tr>\n<td width=\"299\"><strong>Op.1) &#8211; <\/strong>Avenida 2* \/ Hotel Belen \/ Hotel Munay<\/td>\n<td width=\"80\">\n<table border=\"0\" width=\"85\" cellspacing=\"0\" cellpadding=\"0\">\n<colgroup>\n<col width=\"85\" \/><\/colgroup>\n<tbody>\n<tr>\n<td class=\"xl65\" align=\"right\" width=\"85\" height=\"19\">$ 794.106<\/td>\n<\/tr>\n<\/tbody>\n<\/table>\n<\/td>\n<td width=\"80\">\n<table border=\"0\" width=\"85\" cellspacing=\"0\" cellpadding=\"0\">\n<colgroup>\n<col width=\"85\" \/><\/colgroup>\n<tbody>\n<tr>\n<td class=\"xl65\" align=\"right\" width=\"85\" height=\"19\">$ 990.673<\/td>\n<\/tr>\n<\/tbody>\n<\/table>\n<\/td>\n<\/tr>\n<tr>\n<td width=\"299\"><strong>Op.2) &#8211; <\/strong>Plaza Hotel H.Std 4*\/Hotel Belen\/Hotel Los Sauces<\/td>\n<td width=\"80\">\n<table border=\"0\" width=\"85\" cellspacing=\"0\" cellpadding=\"0\">\n<colgroup>\n<col width=\"85\" \/><\/colgroup>\n<tbody>\n<tr>\n<td class=\"xl65\" align=\"right\" width=\"85\" height=\"19\">$ 889.511<\/td>\n<\/tr>\n<\/tbody>\n<\/table>\n<\/td>\n<td width=\"80\">\n<table border=\"0\" width=\"85\" cellspacing=\"0\" cellpadding=\"0\">\n<colgroup>\n<col width=\"85\" \/><\/colgroup>\n<tbody>\n<tr>\n<td class=\"xl65\" align=\"right\" width=\"85\" height=\"19\">$ 1.094.303<\/td>\n<\/tr>\n<\/tbody>\n<\/table>\n<\/td>\n<\/tr>\n<tr>\n<td width=\"299\"><strong>Op.3) &#8211; <\/strong>Plaza Hotel H.Sup 4*\/Hotel Belen\/Hotel Asturias<\/td>\n<td width=\"80\">\n<table border=\"0\" width=\"85\" cellspacing=\"0\" cellpadding=\"0\">\n<colgroup>\n<col width=\"85\" \/><\/colgroup>\n<tbody>\n<tr>\n<td class=\"xl65\" align=\"right\" width=\"85\" height=\"19\">$ 897.735<\/td>\n<\/tr>\n<\/tbody>\n<\/table>\n<\/td>\n<td width=\"80\">\n<table border=\"0\" width=\"85\" cellspacing=\"0\" cellpadding=\"0\">\n<colgroup>\n<col width=\"85\" \/><\/colgroup>\n<tbody>\n<tr>\n<td class=\"xl65\" align=\"right\" width=\"85\" height=\"19\">$ 1.110.752<\/td>\n<\/tr>\n<\/tbody>\n<\/table>\n<\/td>\n<\/tr>\n<tr>\n<td width=\"299\"><strong>Op.4) &#8211; <\/strong>Naindo Park Hotel 5*\/Hotel Belen\/Hotel Asturias<\/td>\n<td width=\"80\">\n<table border=\"0\" width=\"85\" cellspacing=\"0\" cellpadding=\"0\">\n<colgroup>\n<col width=\"85\" \/><\/colgroup>\n<tbody>\n<tr>\n<td class=\"xl65\" align=\"right\" width=\"85\" height=\"16\">$ 963.532<\/td>\n<\/tr>\n<\/tbody>\n<\/table>\n<\/td>\n<td width=\"80\">\n<table border=\"0\" width=\"85\" cellspacing=\"0\" cellpadding=\"0\">\n<colgroup>\n<col width=\"85\" \/><\/colgroup>\n<tbody>\n<tr>\n<td class=\"xl65\" align=\"right\" width=\"85\" height=\"16\">$ 1.210.269<\/td>\n<\/tr>\n<\/tbody>\n<\/table>\n<\/td>\n<\/tr>\n<\/tbody>\n<\/table>\n<hr \/>\n<p><strong><em>Opcional de 5 d\u00edas, por Cachi, Quebrada de las Flechas y Parque Nacional Los Cardones, traslados a Salta. Fin servicios<\/em><\/strong><\/p>\n<hr \/>\n<p>Tarifas por persona \u2013 Incluyen Servicios terrestres con Chofer-Gu\u00eda habla espa\u00f1ol y Alojamiento c\/desayuno.<\/p>\n<p>Tarifas validas <strong>al 30 de Junio<\/strong> <strong>2026<\/strong><\/p>\n<p>Se indican los hoteles asignados a cada Programa. Cualquier hotel, tanto previsto como confirmado podr\u00e1 cambiarse por otro similar en cualquier momento, incluso durante el viaje por motivos operativos y\/o disponibilidad.<\/p>\n<p>El <strong>orden de las excursiones podr\u00e1 alternarse<\/strong> en caso de ser necesario para un mejor desarrollo del programa a exclusiva decisi\u00f3n de la Empresa.<\/p>\n<p>Salidas sujetas a formaci\u00f3n de grupo. Salidas garantizadas con base m\u00ednima 2 pax. <strong>Pasajero en single, consultar previamente si la salida est\u00e1 confirmada.<\/strong><\/p>","protected":false},"featured_media":14199,"comment_status":"open","ping_status":"closed","template":"","meta":{"_acf_changed":false,"_joinchat":[]},"product_brand":[],"product_cat":[278],"product_tag":[],"class_list":{"0":"post-14182","1":"product","2":"type-product","3":"status-publish","4":"has-post-thumbnail","6":"product_cat-salidas-2026","8":"first","9":"instock","10":"sold-individually","11":"shipping-taxable","12":"purchasable","13":"product-type-booking"},"acf":[],"_links":{"self":[{"href":"https:\/\/coronadelinca.com.ar\/en\/wp-json\/wp\/v2\/product\/14182","targetHints":{"allow":["GET"]}}],"collection":[{"href":"https:\/\/coronadelinca.com.ar\/en\/wp-json\/wp\/v2\/product"}],"about":[{"href":"https:\/\/coronadelinca.com.ar\/en\/wp-json\/wp\/v2\/types\/product"}],"replies":[{"embeddable":true,"href":"https:\/\/coronadelinca.com.ar\/en\/wp-json\/wp\/v2\/comments?post=14182"}],"wp:featuredmedia":[{"embeddable":true,"href":"https:\/\/coronadelinca.com.ar\/en\/wp-json\/wp\/v2\/media\/14199"}],"wp:attachment":[{"href":"https:\/\/coronadelinca.com.ar\/en\/wp-json\/wp\/v2\/media?parent=14182"}],"wp:term":[{"taxonomy":"product_brand","embeddable":true,"href":"https:\/\/coronadelinca.com.ar\/en\/wp-json\/wp\/v2\/product_brand?post=14182"},{"taxonomy":"product_cat","embeddable":true,"href":"https:\/\/coronadelinca.com.ar\/en\/wp-json\/wp\/v2\/product_cat?post=14182"},{"taxonomy":"product_tag","embeddable":true,"href":"https:\/\/coronadelinca.com.ar\/en\/wp-json\/wp\/v2\/product_tag?post=14182"}],"curies":[{"name":"wp","href":"https:\/\/api.w.org\/{rel}","templated":true}]}}

<p><strong>FECHAS DE SALIDA 2026: </strong>29 de enero &#8211; 26 de febrero – 26 de marzo – 23 de abril – 21 de mayo – 18 de junio – 13 de agosto – 10 de septiembre – 8 de octubre – 5 de noviembre – 3 de diciembre.</p>
<hr />
<table width="800">
<tbody>
<tr>
<td width="299"><strong>TARIFAS por persona, con Hoteles en: La Rioja / Belen / Cafayate</strong></td>
<td width="80"><strong>DBL / TPL</strong></td>
<td width="80"><strong>SGL</strong></td>
</tr>
<tr>
<td width="299"><strong>Op.1) &#8211; </strong>Avenida 2* / Hotel Belen / Hotel Munay</td>
<td width="80">
<table border="0" width="85" cellspacing="0" cellpadding="0">
<colgroup>
<col width="85" /></colgroup>
<tbody>
<tr>
<td class="xl65" align="right" width="85" height="19">$ 794.106</td>
</tr>
</tbody>
</table>
</td>
<td width="80">
<table border="0" width="85" cellspacing="0" cellpadding="0">
<colgroup>
<col width="85" /></colgroup>
<tbody>
<tr>
<td class="xl65" align="right" width="85" height="19">$ 990.673</td>
</tr>
</tbody>
</table>
</td>
</tr>
<tr>
<td width="299"><strong>Op.2) &#8211; </strong>Plaza Hotel H.Std 4*/Hotel Belen/Hotel Los Sauces</td>
<td width="80">
<table border="0" width="85" cellspacing="0" cellpadding="0">
<colgroup>
<col width="85" /></colgroup>
<tbody>
<tr>
<td class="xl65" align="right" width="85" height="19">$ 889.511</td>
</tr>
</tbody>
</table>
</td>
<td width="80">
<table border="0" width="85" cellspacing="0" cellpadding="0">
<colgroup>
<col width="85" /></colgroup>
<tbody>
<tr>
<td class="xl65" align="right" width="85" height="19">$ 1.094.303</td>
</tr>
</tbody>
</table>
</td>
</tr>
<tr>
<td width="299"><strong>Op.3) &#8211; </strong>Plaza Hotel H.Sup 4*/Hotel Belen/Hotel Asturias</td>
<td width="80">
<table border="0" width="85" cellspacing="0" cellpadding="0">
<colgroup>
<col width="85" /></colgroup>
<tbody>
<tr>
<td class="xl65" align="right" width="85" height="19">$ 897.735</td>
</tr>
</tbody>
</table>
</td>
<td width="80">
<table border="0" width="85" cellspacing="0" cellpadding="0">
<colgroup>
<col width="85" /></colgroup>
<tbody>
<tr>
<td class="xl65" align="right" width="85" height="19">$ 1.110.752</td>
</tr>
</tbody>
</table>
</td>
</tr>
<tr>
<td width="299"><strong>Op.4) &#8211; </strong>Naindo Park Hotel 5*/Hotel Belen/Hotel Asturias</td>
<td width="80">
<table border="0" width="85" cellspacing="0" cellpadding="0">
<colgroup>
<col width="85" /></colgroup>
<tbody>
<tr>
<td class="xl65" align="right" width="85" height="16">$ 963.532</td>
</tr>
</tbody>
</table>
</td>
<td width="80">
<table border="0" width="85" cellspacing="0" cellpadding="0">
<colgroup>
<col width="85" /></colgroup>
<tbody>
<tr>
<td class="xl65" align="right" width="85" height="16">$ 1.210.269</td>
</tr>
</tbody>
</table>
</td>
</tr>
</tbody>
</table>
<hr />
<p><strong><em>Opcional de 5 días, por Cachi, Quebrada de las Flechas y Parque Nacional Los Cardones, traslados a Salta. Fin servicios</em></strong></p>
<hr />
<p>Tarifas por persona – Incluyen Servicios terrestres con Chofer-Guía habla español y Alojamiento c/desayuno.</p>
<p>Tarifas validas <strong>al 30 de Junio</strong> <strong>2026</strong></p>
<p>Se indican los hoteles asignados a cada Programa. Cualquier hotel, tanto previsto como confirmado podrá cambiarse por otro similar en cualquier momento, incluso durante el viaje por motivos operativos y/o disponibilidad.</p>
<p>El <strong>orden de las excursiones podrá alternarse</strong> en caso de ser necesario para un mejor desarrollo del programa a exclusiva decisión de la Empresa.</p>
<p>Salidas sujetas a formación de grupo. Salidas garantizadas con base mínima 2 pax. <strong>Pasajero en single, consultar previamente si la salida está confirmada.</strong></p>
